(j) = 2551*j - 7287. List the prime factors of w(38).
37, 2423
Let j be -5 - 0 - -5199 - 4. Suppose 15*x = 5*x + j. What are the prime factors of x?
3, 173
Let p(l) = -128*l - 3. Suppose 0 = 12*v - 14*v + 8. Suppose 8*b - v*b = -5*i + 11, -6 = -3*b - 3*i. List the prime factors of p(b).
5
Let t = -29156 - -19386. List the prime factors of (-4)/7 + t/(-70).
139
Let t(l) = l**2 - 35*l + 68. Let q be t(33). Suppose -5*x + q*x + 585 = 0. What are the prime factors of x?
3, 5, 13
Suppose -403272 = -173*x + 137*x. What are the prime factors of x?
2, 3, 1867
Suppose n + 137 = -l - 0*l, -5*l = -2*n - 253. Suppose -2*x = 2*x - 1164. Let i = n + x. List the prime factors of i.
157
Let i(w) = 2*w - 10. Let k be i(6). Suppose 3*l - 299 = -f - 54, -494 = -k*f - 5*l. List the prime factors of f.
257
Let m = -16660 - -30615. What are the prime factors of m?
5, 2791
Let a be 4 + -2 + (-147)/(-1). Let r be 8 - (5 + -2 - 1350/25). Suppose -4*f = -r - a. List the prime factors of f.
2, 13
Suppose 36*x = 37*x - 39. Let t(l) = -l + x + 9*l - 7*l. List the prime factors of t(-22).
17
Let b(h) = -622*h + 973. What are the prime factors of b(-6)?
5, 941
Let l(f) = 1476*f - 989. What are the prime factors of l(2)?
13, 151
Suppose 25*g = 76554 + 33621. List the prime factors of g.
3, 13, 113
Let p = -3310 - -27258. What are the prime factors of p?
2, 5987
Suppose 333*x = 284*x + 373135. List the prime factors of x.
5, 1523
Suppose 0 = 5*u - 2*g - 211423, -3*g - 211427 = -191*u + 186*u. List the prime factors of u.
42283
Let m = -34 - -42. Suppose -5*n - m = -6*n. List the prime factors of 2853/36 + (-2)/n.
79
Let z = 11 - 5. Let w be ((-30)/(-4))/(z/(-8)). List the prime factors of 2*(3 + (-185)/w).
43
List the prime factors of 4993 + -194 + ((-8)/12)/((-4)/(-6)).
2, 2399
Let q(u) = u**3 - 3*u**2 - 2*u + 2. Let k(w) be the third derivative of w**4/8 - 17*w**3/6 - 30*w**2. Let o be k(7). List the prime factors of q(o).
2, 5
Suppose -543*n - 250630 = -4*a - 542*n, -5*n = 10. List the prime factors of a.
7, 8951
Let k = 37854 - 10529. List the prime factors of k.
5, 1093
Suppose 111462 = 310*f - 307*f - 2*t, t = -3*f + 111471. List the prime factors of f.
2, 7, 1327
Let h(a) = 308*a**2 - 39*a + 324. What are the prime factors of h(7)?
19, 797
Let j be -16*(-5 - -7)/(-4). Let p(w) = 42*w - 8. List the prime factors of p(j).
2, 41
Let b be (6 - 88)*65/10. Let c = b - -781. List the prime factors of c.
2, 31
Suppose -5*u + 24 = 5*k - 11, 2*u + k = 9. Suppose 0 = 2*h - 4*n - 1984, 5*n - 1960 = -u*h + n. What are the prime factors of h?
2, 17, 29
Suppose -5*w + 1 = 1. Suppose 12 = -4*q, w = 2*m + 4*q + q - 1193. Suppose 9*z - 341 = m. What are the prime factors of z?
3, 5, 7
Let o = -9620 + 39653. What are the prime factors of o?
3, 47, 71
Let z = -83 - -88. Suppose -483 = -z*v + 497. What are the prime factors of v?
2, 7
Suppose 0*s + 3*s - 6801 = 0. What are the prime factors of s?
2267
Suppose 160*n = 159*n - 794. Let j = n - -1145. Suppose 12*v - j = 9*v. What are the prime factors of v?
3, 13
Let w(h) = 2 - 17 - 14*h - 3*h - 12*h**2 + 14*h**2. What are the prime factors of w(-21)?
2, 3, 17
Let u(a) = 56*a**2 - 84*a + 9. What are the prime factors of u(-10)?
6449
Let y = -1817 - -2635. Suppose -15*f = -3*q - 10*f + 838, 3*q = -5*f + y. List the prime factors of q.
2, 3, 23
Let f = 7327 + 54933. What are the prime factors of f?
2, 5, 11, 283
List the prime factors of 1/8 - (-378132)/96.
3, 13, 101
Let x(j) = 2*j**2 - 47. Let z(o) = -o**2 + 24. Let a(q) = 4*x(q) + 7*z(q). Let y be a(0). Let k = y - -67. List the prime factors of k.
47
Let a(t) = -5*t**2 - 1227*t - 353. What are the prime factors of a(-118)?
79, 947
What are the prime factors of (10/(-4) + 0)/((-56)/160496)?
5, 1433
Let h(d) = -23*d**3 - 2*d**2 + 23*d + 19. Let s(z) = 34*z**3 + 3*z**2 - 34*z - 28. Let w(y) = -7*h(y) - 5*s(y). List the prime factors of w(-4).
3, 59
Suppose 59 = 4*g - 29. Let x(j) = 4*j - 85. Let r be x(g). Suppose -4*a = s + s - 504, 983 = 4*s + r*a. What are the prime factors of s?
2, 11
Let v be ((-12)/16)/(3/36*3). Let g(c) = -19*c**3 - 8*c**2 - 3*c - 7. What are the prime factors of g(v)?
443
Let q = 4491 - 43. What are the prime factors of q?
2, 139
List the prime factors of 446/(-12711) - 1145590/(-114).
13, 773
Let x = 868 - -74. Let m = 1351 - x. List the prime factors of m.
409
Let p(m) = -78*m - 6. Suppose 5*z + 32 = -3*h, -5*z - 3*h = 2*h + 40. List the prime factors of p(z).
2, 3, 17
Let h = 4725 - 3250. Suppose 4*p = h + 6445. What are the prime factors of p?
2, 3, 5, 11
Suppose 8*h - 31 - 1 = 0. Suppose 15 = -3*v, h*j = -2*v + 68 + 90. What are the prime factors of j?
2, 3, 7
Let h(i) = 4859*i - 368. List the prime factors of h(2).
2, 5, 11, 17
Suppose -6*q + 0*q + 4152 = 0. Let k = -2 + q. What are the prime factors of k?
2, 3, 5, 23
Let o(m) = 382*m**2 - 4*m - 5. Let q be o(-1). Suppose -1 = 5*x - 6. Suppose 0 = -j - x, -q = -5*r - 8*j + 4*j. What are the prime factors of r?
7, 11
Suppose o - 2*o + z + 13 = 0, -5*o = z - 77. Let y be (9/9)/(1/o). Suppose 5*i - 40 = 5*m, 4*m = -m + y. What are the prime factors of i?
11
Suppose 0 = -14*y + 281 + 727. Suppose -3*q = 3*x + 288, -4*x - 5*q - 393 = -10*q. Let g = y - x. What are the prime factors of g?
13
Let h be (3745/70)/(1/10). Suppose -941 = -12*i + h. What are the prime factors of i?
3, 41
Suppose 10*j + 5*a = 5*j + 19360, -11656 = -3*j + 5*a. Suppose -7*w + j + 2528 = 0. What are the prime factors of w?
3, 5, 61
Suppose 0 = -2*t - 2*t - 148. Let g = -56 - t. Let s = 47 - g. List the prime factors of s.
2, 3, 11
What are the prime factors of 3 - (120522/4)/(252/(-336))?
40177
Let j(m) = -m**2 - 5*m + 10. Let h be j(-5). Let w be (-88)/h*(-135)/(-18). What are the prime factors of (10/(-3))/(4/w)?
5, 11
Let j(k) = -2*k**2 + 22*k - 19. Let c be j(5). Suppose 144 = -37*l + c*l. What are the prime factors of l?
2, 3
Let b(w) be the third derivative of -2*w**4/3 - 5*w**3/2 + 10*w**2 + 1. List the prime factors of b(-18).
3, 7, 13
Suppose -26*t + 11*t = -30. Suppose 6*q - t*j = 7*q - 1548, 3*j + 6236 = 4*q. What are the prime factors of q?
2, 389
Let h be (-2 + -40)/(((-28)/49)/(-4)). Let r = h - -424. What are the prime factors of r?
2, 5, 13
Suppose -16*y + 14*y + 84 = 0. Let a = -189 + y. Let k = -59 - a. List the prime factors of k.
2, 11
Let i(n) = n**2 + 16*n + 61. Let r be i(-12). Let y(o) = o**2 + 14*o - 101. What are the prime factors of y(r)?
2, 5
Suppose 0 = 3*r - 7*r + 224. Let s = 168 - r. List the prime factors of s.
2, 7
Let j(s) = 678*s**2 + 18*s - 4. List the prime factors of j(-3).
2, 1511
Suppose -54*s + 51*s = 1872. What are the prime factors of 7/(-2)*s/21?
2, 13
Suppose 5*x + 3*i = -133, 2 = 2*i + 4. Let m(j) = -8*j + 225. Let t be m(18). Let p = t + x. List the prime factors of p.
5, 11
Let i be (4/(-6))/((-116816)/(-29208) - 4). Let z = i + 21. List the prime factors of z.
2, 619
Let u = -27 + 30. Suppose -505 = -4*l - d, -u*l + 2*d + 641 = 2*l. List the prime factors of l.
127
Suppose -5*k = 3*f - 101, 29 = 2*k + 7*f - 2*f. Suppose -k = -4*w - 2. Suppose -3*h + n + 304 = h, 3*n + 387 = w*h. What are the prime factors of h?
3, 5
Let d(x) = 4*x**2 + 4*x - 12. Let o be d(8). Let n = 572 - o. List the prime factors of n.
2, 37
Let m = -658 - -657. Let u(p) be the second derivative of 77*p**4/6 - p**3/6 + 2*p. What are the prime factors of u(m)?
5, 31
Let g be (20/15)/((-6)/9). Let r be g/4 - (-1208)/16. Suppose -4*q + 245 = -r. What are the prime factors of q?
2, 5
Let a = -18 - -20. Suppose a*d - 319 = -103. What are the prime factors of 1*d/4 - -1?
2, 7
Let x(f) = 17*f + 11*f + 12*f - 12 + 6*f - 13*f. Let s = -3 + 5. List the prime factors of x(s).
2, 3
Suppose -2*r + 51066 = 2*i, 3*i - 2162*r - 76569 = -2160*r. List the prime factors of i.
3, 67, 127
Let x(v) = -2*v**3 - 2*v**2 + v - 1. Let t be x(-2). Suppose 0 = 5*m - t - 15. What are the prime factors of (15 - 2)*-2*(-24)/m?
2, 3, 13
Suppose -5*j - 4*w - 1012 = 0, 4*j + 0*w + w = -814. What are the prime factors of (-2 - j) + (-21 - -25)?
2, 103
Let j(p) = 42*p**2 - 112*p**2 - 43*p + 39*p**2 + 42*p**2 - 5. What are the prime factors of j(8)?
5, 71
Let r be (-680)/(-119) + 4/14. Let s(h) be the first derivative of -h**4/4 + 2*h**3 + 7*h**2/2 + 14*h + 4